 - 1)*((-147)/(-84) + -15)?
20
Suppose 6*y + 15*y + 1239 = 0. Let s = y - -113. What is the remainder when s is divided by 32?
22
Suppose -36*x = -41*x + 1185. Suppose -x*s + 251*s - 196 = 0. What is the remainder when 503 is divided by s?
13
Let h = 99 + -51. Let q be (0 - -13) + -7 + 0. Suppose -5*x = -t + 2, 2*t - 2*x - 6 = q. What is the remainder when h is divided by t?
6
Let m(r) = -5*r**2 + 4*r**2 - 20 - 12*r - 2. Let z be 2233/(-385) + ((-12)/10 - -1). What is the remainder when 69 is divided by m(z)?
13
Let t = 29 + -7. Suppose 0 = m + 2*w - 42, -m = -3*w - 0*w - t. Let p(z) = 2*z**2 - 30*z + 26. What is the remainder when p(18) is divided by m?
32
Suppose 7902 - 3113 = 21*v - 8882. What is the remainder when v is divided by 316?
19
Let g = 3470 + 849. What is the remainder when g is divided by 46?
41
Let u = 1624 - 1582. Let a(x) = 8*x**2 - x + 1. Calculate the remainder when u is divided by a(1).
2
Suppose -19*p - 170 = -21*p. Let d(c) = 233*c**2 - 17*c - 34. Calculate the remainder when d(-2) is divided by p.
82
Suppose -2*k - 6 = 0, 0 = -5*j + 13*k - 8*k + 220. Calculate the remainder when 153 is divided by j.
30
Let x(c) = 8*c**2 + 134*c + 640. Calculate the remainder when 237 is divided by x(-5).
67
Suppose 10 = 5*o + 5*o. Let w(y) = 5*y - 3. Let k be w(o). Suppose -26 + 260 = k*v. What is the remainder when v is divided by 24?
21
Suppose -42*s = 100*s - 10*s - 97152. What is the remainder when 746 is divided by s?
10
Let h(m) be the second derivative of m**3 + 5*m**2 - 5*m. Calculate the remainder when 84 is divided by h(2).
18
Let s be 1/(5/75*3). Suppose s*w = 15 + 70. Suppose -5*k + 186 = -4*h - 126, 4*h = -3*k + 200. What is the remainder when k is divided by w?
13
Suppose -22*q - 336 = -28*q. Suppose -2*n + 2*u + q = 0, -7*n - 4*u + 131 = -2*n. Calculate the remainder when n is divided by 5.
2
Let m = -16199 + 19783. Calculate the remainder when m is divided by 15.
14
Suppose -x - 4*x + 475 = 0. Let l = -589 + -239. What is the remainder when x is divided by (-6)/(-39) - l/26?
31
Let c be 10/(-3)*36/30. Let w = 17 + c. Suppose 3*z - 74 = -8. What is the remainder when z is divided by w?
9
Let n be (150/45)/((-2)/(-6)). Suppose -n*m = -5*m - 135. Let u = 2590 - 2487. Calculate the remainder when u is divided by m.
22
Let n = 635 + -311. Let r = 404 - n. Calculate the remainder when 154 is divided by r.
74
Suppose 22*n - 11*n = 264. Suppose 2*k = -5*u + n, 4*k - k - 2*u + 2 = 0. Calculate the remainder when 173 is divided by 2 + (k + 47)*18/21.
41
Let j = -77 + 134. Suppose -3*d - j = -3*a - 15, -a = -2*d - 12. What is the remainder when 18 is divided by a?
2
Let o(a) = a**3 - 6*a**2 - 14*a - 9. Let p be o(8). Suppose -2*t + p*t + 18 = q, 54 = 3*q - t. Calculate the remainder when 11 is divided by -1*9*(-12)/q.
5
Suppose -4*v - 1641 = -s, 11*v - 11 - 55 = 0. What is the remainder when s is divided by 183?
18
Suppose 14*i = 4*i + 3370. Let v = -95 + i. What is the remainder when v is divided by 28?
18
Suppose -3*j + 75 = -3. Calculate the remainder when 1062 is divided by j.
22
Let z(j) = j**3 + 11*j**2 - 55*j + 18. Let q be z(-13). Let o = -386 + q. Suppose -5*p + p = -104. Calculate the remainder when p is divided by o.
8
Let b(g) = -g + 149. Let q = 14152 - 14113. What is the remainder when b(0) is divided by q?
32
Suppose 189 = -4*r + 65. Let c = r - -35. Suppose c*p - 5*a - 2 - 7 = 0, p - a = 3. What is the remainder when 23 is divided by p?
5
Suppose -3*y + 89*x + 738 = 93*x, 5*y + 4*x = 1238. What is the remainder when 655 is divided by y?
155
Calculate the remainder when 334 is divided by ((-156)/(-520))/(((-9)/1110)/(-3)).
1
Suppose 0 = -6*q + 18*q - 339 - 333. Suppose -3*s = -3*a + 39, 0 = -5*s - 14 - 1. Suppose 2*t - 20 = a. Calculate the remainder when q is divided by t.
11
Suppose -28 = -6*c - 4. Suppose 2*t = -2*h + 6*h - 1008, c*h + 3*t = 988. What is the remainder when h is divided by 63?
61
Suppose -106 - 109 = -m. Calculate the remainder when (1204/m)/((-2)/(-130)) is divided by 93.
85
Let m(j) = -j**3 + 10*j**2 - 18*j + 13. Let f be m(7). Suppose -4*o - f = -2*s, 4*s + 8 = 4*o + 60. What is the remainder when 69 is divided by s?
6
What is the remainder when (12590/6)/((-2505)/(-90) - 27) is divided by 18?
16
Let a = 2 - -16. Suppose -84 = 21*k + 8610. Let g = 417 + k. Calculate the remainder when a is divided by g.
0
Suppose 651*x - 874*x = 411*x + 989*x - 1293531. Let v = -37 + 75. Calculate the remainder when x is divided by v.
37
Suppose -5*w + 3*c + 150 = 0, 5*c - 6*c - 150 = -5*w. Suppose 84 = 4*v + 3*k, -2*v = -3*v - 3*k + w. Calculate the remainder when 30 is divided by v.
12
Let m = -12098 - -12097. Let p be (-32)/(-3)*(-21)/2. Calculate the remainder when 93 is divided by ((-32)/p)/(m/(-42)).
9
Let a be (8*7)/(-11 - -13). Let m = a + -10. Suppose n + m = 2*n. What is the remainder when 52 is divided by n?
16
Let r(f) be the third derivative of -f**6/60 + 17*f**5/60 - 7*f**4/8 + 4*f**3/3 + 33*f**2 + 2*f. Calculate the remainder when 141 is divided by r(7).
5
Suppose 4*w - 8*w - 4 = 0. Let n(b) = -46*b**3 - b**2 - 20*b - 19. What is the remainder when 126 is divided by n(w)?
34
Let l(v) = v**3 + 19*v**2 + 30*v + 352. Calculate the remainder when 501 is divided by l(-18).
93
Suppose 18*z - 421 - 1217 = 0. Suppose -203 - z = -21*u. Calculate the remainder when 26 is divided by u.
12
Let i be 1850/(-110) + 2/(-11). Let m = i - -21. Suppose m*k + 0*l - l - 153 = 0, -4*l = -2*k + 66. Calculate the remainder when k is divided by 22.
17
Let p = 6794 - 6276. Calculate the remainder when p is divided by 58.
54
Suppose 8 = -4*h, -2*j - 5*h - 25 = j. Let p(o) = -12*o - 29. What is the remainder when p(j) is divided by 8?
7
Suppose -25241 = -14*g - 3135. Suppose 40*w - g - 4261 = 0. Calculate the remainder when w is divided by 49.
48
Let b(w) = -w**3 + 88*w + 370. Let s(k) = 6*k**3 - k**2 + 3*k - 1. Calculate the remainder when s(3) is divided by b(-4).
79
Let l = -6 + 13. Suppose 0 = -106*q + 4178 + 638 + 2074. What is the remainder when q is divided by l?
2
Suppose 5*s + 38 = -112. Let o = -50 + 131. Calculate the remainder when o is divided by s/(-1) + (1 - -4 - 7).
25
Suppose 21*w - 46*w = -37*w + 384. Calculate the remainder when 499 is divided by w.
19
Suppose 0 = 3*m, c - 2*m + m = 50. Let l = 934 - 540. Suppose 0 = 22*y - l - 24. Calculate the remainder when c is divided by y.
12
Let q(w) = -53*w + 2921. Calculate the remainder when q(43) is divided by 27.
21
Suppose -83*b + 45494 = 93. Calculate the remainder when b is divided by 50.
47
Suppose 4*m = -3*p + 13837, 2*m + 5*p - 2742 = 4159. What is the remainder when m is divided by 33?
31
Let d = -255 - -255. Suppose d = 8*v - 452 - 180. What is the remainder when 160 is divided by v?
2
Suppose -955 + 561 = 17*g - 513. What is the remainder when 8979 is divided by g?
5
Let d(v) = 17*v - 15. Let w be d(1). Suppose w*s = s - 5*r + 15, 3*r - 53 = -5*s. Calculate the remainder when s is divided by 4.
2
Let b = 24 - 22. Suppose -a = b*a - 381. Let t = -60 + a. What is the remainder when t is divided by 17?
16
Suppose -4*y - 5*n + 2203 = 0, -y + 89*n = 88*n - 562. What is the remainder when y is divided by 135?
17
What is the remainder when (12447/810*20)/(2/21) is divided by 10?
7
Suppose 0 = -532*y + 602*y - 290290. Calculate the remainder when y is divided by 61.
60
Suppose 19*k = 21*k - 600. Suppose 87*g = 84*g + k. Calculate the remainder when g is divided by 16.
4
Let i = -5998 + 6297. Calculate the remainder when i is divided by 89.
32
Suppose -r - 2*z - 129 = -4*r, 2*r - 2*z - 90 = 0. What is the remainder when 387 is divided by r?
36
Suppose -14148 = 12*i - 30*i. Suppose i = 81*x - 75*x. What is the remainder when x is divided by 27?
23
Let u(c) = -2*c + 47. Let y be u(22). Suppose -3 - 24 = y*j. Calculate the remainder when (-3)/9*-2 + (-336)/j is divided by 10.
8
Let w(p) = -34*p + 1. Suppose 3*h = 18, 0 = -37*s + 42*s + 4*h - 669. Calculate the remainder when s is divided by w(-1).
24
Let p(i) = i**3 - 172*i**2 - 882*i - 61. Calculate the remainder when p(177) is divided by 275.
195
Suppose 5*j = 241 + 134. Let v be (-9)/3 + 4 + 1. Let h(t) = 4*t**3 - 3*t**2 + 3*t - 5. Calculate the remainder when j is divided by h(v).
12
Suppose 3*g + 1969 = 